- b**5/12 + 5*b**4/24 + 5*b**3/6 - b**2. List the prime factors of r(-6).
11
Let g(i) = -5*i**3 + i**2 + 4*i + 4. What are the prime factors of g(-2)?
2, 5
Let f(g) = -51*g - 45. List the prime factors of f(-4).
3, 53
Suppose 4*f - 48 = 584. What are the prime factors of f?
2, 79
Let x = 285 - 71. What are the prime factors of x?
2, 107
Let s = -7 + 8. What are the prime factors of (-5)/((3 - s)/(-4))?
2, 5
Let k(l) = -l + 14. Let f be k(6). Let d = f + -5. List the prime factors of (1/d)/((-1)/(-9)).
3
Suppose -5*k + 5*p + 1061 = p, k + 4*p - 217 = 0. List the prime factors of k.
3, 71
Let y = -34 + 152. List the prime factors of y.
2, 59
Let p be 2*4/(2/1). Suppose d - p = 1. List the prime factors of d.
5
Let f(g) = g - 7. Let j be f(5). List the prime factors of (2 - 3 - j)*11.
11
Let l be -4 + 4 - (-4 - 1). Suppose 14 = l*f - 1. Suppose f*y + 27 + 8 = 2*c, -c + y + 16 = 0. List the prime factors of c.
13
Let y be (-6 - -4) + (-1 - -5). Let c = y - 0. Suppose -5*f = -3*g + 28, c*g - 2*f - 27 + 7 = 0. List the prime factors of g.
11
Suppose -3*v = -l - 158, -v - l + 72 = 14. List the prime factors of v.
2, 3
Suppose 4*d - d + t = -45, -5*t = d + 15. Let s be 3/((-6)/44) - -1. Let a = d - s. List the prime factors of a.
2, 3
Suppose 7 = 3*n + 1. Suppose 0 = -5*z + n*q + 91, 74 = 4*z - 3*q - 3. Suppose -3*k + 50 - z = 0. What are the prime factors of k?
11
Let d(o) be the first derivative of 3*o**2/2 - o - 3. List the prime factors of d(2).
5
Suppose 10 = o - 2*y, 2*y + 2*y = -o + 4. List the prime factors of o + 0 + 5 + -4.
3
What are the prime factors of (-2)/(-8) + (-1395)/(-36)?
3, 13
Let m = 19 - 12. Let r = 26 + m. What are the prime factors of r?
3, 11
Let v(o) = o**3 + 5*o**2 - 2*o - 1. Let t be v(-5). Suppose -p + 11 = -t. List the prime factors of p.
2, 5
Suppose 5*g + 3 = 33. Suppose 4*r = g + 6. List the prime factors of (-2)/r - 76/(-6).
2, 3
Let g(d) = d**3 + 10*d**2 + 10*d + 13. Let h be g(-9). Suppose -2*k + h*u = 2*u - 42, -5*k - 3*u = -113. What are the prime factors of k?
2, 11
Let j(g) = -g - 4. What are the prime factors of j(-11)?
7
Let h(z) = -39*z + 12*z + 18 + 15*z + 11*z. Suppose -3*n + n = 5*g - 8, 4*g = -2*n + 8. What are the prime factors of h(g)?
2, 3
Let p = -32 + 54. List the prime factors of p.
2, 11
Let k(o) be the first derivative of o**6/360 - o**5/20 + o**4/8 - 2*o**3/3 - 3. Let w(v) be the third derivative of k(v). List the prime factors of w(6).
3
What are the prime factors of ((-2)/(-3))/((-12)/(-126)) - 1?
2, 3
List the prime factors of (-1792)/(-176) - (-2)/(-11).
2, 5
Let u(b) = -b**2 - 7*b + 9. Let t be u(-7). Suppose 5*h - 55 = -5*j, -h + t = -3*j - 2. What are the prime factors of h?
11
Suppose -21 = -4*g - 1. Suppose 4*z - 1 = -h + 20, -g*h = -z. What are the prime factors of (-2 + -5)/((-1)/h)?
7
Suppose -4*y - 5*g = -195, -3*g + 129 = -4*y + 364. Let m = -111 + y. Let t = -37 - m. List the prime factors of t.
19
Suppose -3*r + 10 + 35 = 0. What are the prime factors of r?
3, 5
Let d(h) = -h**3 + 7*h**2 - 7*h + 6. Let z be d(6). Suppose 4*v - 3*v - 1 = z. What are the prime factors of ((-45)/25)/(v/(-5))?
3
Let x = -66 - -94. List the prime factors of x.
2, 7
Let t = 7 - -5. Suppose -j = 3 - t. List the prime factors of j.
3
What are the prime factors of ((-20)/(-10))/(6/1191)?
397
Let x(b) = 2*b**3 + 1. Let m be x(1). Let q(a) = 21*a - 10. List the prime factors of q(m).
53
Suppose -7 + 227 = 5*x. Suppose 0*g = 2*g - x. List the prime factors of g.
2, 11
Let f = 7 - 7. Suppose -k + 4*k - 30 = f. List the prime factors of k.
2, 5
Let g be 4/10*(9 - 4). Suppose -g*a = 4, -2*h + 190 = 2*h + a. List the prime factors of h.
2, 3
Suppose -n + 5*n = 124. List the prime factors of n.
31
Suppose y - 5*y + 110 = 2*g, -77 = -3*y + 4*g. What are the prime factors of y?
3
Let g(n) = 11*n**2 - n + 1. What are the prime factors of g(1)?
11
What are the prime factors of (35/(-21))/((-1)/18)?
2, 3, 5
Let o = 247 + 144. What are the prime factors of o?
17, 23
Suppose -l = l - 5*a - 96, -48 = -l - 4*a. What are the prime factors of l?
2, 3
Let l(t) = 41*t + 9. List the prime factors of l(3).
2, 3, 11
Suppose 7*f - 81 = -32. List the prime factors of f.
7
What are the prime factors of ((-3 - -59) + 2)*1?
2, 29
Suppose -4*n + 6 = -0*n - v, 0 = 3*n + 2*v - 10. List the prime factors of n.
2
Suppose -3*c = -4*h + 1, -c + 4*c + 3*h = 6. Suppose -4*y + c + 19 = 0. Suppose 2*j = -w + 34, -3*j + j + 22 = -y*w. List the prime factors of j.
2
Suppose -3*g + 7 = -5. Suppose -3*f + g - 34 = 0. Let j = 17 + f. What are the prime factors of j?
7
Suppose 5*w - 35 = 145. Suppose 4*b + 4*h + 0*h = w, -3*h = b - 9. What are the prime factors of b?
3
Suppose -2*d + 6*q + 22 = q, 3*d - 5*q - 33 = 0. Suppose -d + 2 = -3*i. What are the prime factors of (2/i)/((-1)/(-9))?
2, 3
Let t = -16 + 64. What are the prime factors of t?
2, 3
Let i(u) be the second derivative of u**7/2520 + u**5/8 + u**4/12 - 3*u. Let k(t) be the third derivative of i(t). What are the prime factors of k(0)?
3, 5
Let k = -76 + 117. List the prime factors of k.
41
Let v be (2 - 2/2)*14. Suppose -2 + v = u. List the prime factors of u.
2, 3
Let l = 10 - 5. List the prime factors of 1/l + (-18)/(-10).
2
Suppose -j = 4, 0 = s - j - 20 - 32. List the prime factors of s.
2, 3
Let v = -4 + 19. Suppose 5*y = -10, -y + 8 + v = 5*d. Suppose h = -5*r + 14, 0 = -r + 6*r - d. What are the prime factors of h?
3
Let p = -13 + 109. Suppose n = -3*o + 4*n + p, -2*o = n - 70. List the prime factors of o.
2, 17
Let t = -15 - -58. Suppose -4*v + 5*a + t = 0, -2*a + 6*a + 32 = 3*v. List the prime factors of v.
2, 3
Let f be (-1 + -9)/((-6)/3). Let w = f + -4. What are the prime factors of (-1)/1 + w*9?
2
Suppose 714 = 2*h + h. Suppose -2*b - h = -6*b + 5*m, 2*m + 4 = 0. What are the prime factors of b/5 + 4/(-10)?
11
Suppose h + 0*h = 2*x - 73, 0 = -5*x + 4*h + 178. What are the prime factors of x?
2, 19
Suppose 4*u + 4*p - 24 = 5*p, -3*p + 18 = 3*u. List the prime factors of u.
2, 3
Let y be 3/2*(-232)/(-12). Let j = y + -18. List the prime factors of j.
11
Let k = 24 - 43. Let n = 34 + k. What are the prime factors of n?
3, 5
Let z = 209 + -134. Suppose -2*v - z = -5*v. List the prime factors of v.
5
What are the prime factors of (-2)/(5/((-1380)/8))?
3, 23
Let b be (-1)/4 - 4/(-16). Suppose b = -x - x + 12. What are the prime factors of x?
2, 3
Let q(x) = -x - 17. Let g be q(-11). Let v(a) = -a**2 + 2*a. Let l be v(5). Let t = g - l. List the prime factors of t.
3
Suppose 4*v + 6*n - 24 = 3*n, -5*v + 4*n - 1 = 0. Suppose -v*h + 9 = -3. What are the prime factors of h?
2
Let t be 2 + 3/(-1) + 4. Suppose 0*u - 14 = -y - t*u, y = 4*u - 7. Suppose -f + 5*a + 16 = -0*a, y*a - 39 = -4*f. What are the prime factors of f?
11
Let p(w) be the second derivative of w**4/6 - w**3/6 + w**2 - w. What are the prime factors of p(3)?
17
Suppose 3*j - 64 = -j. Suppose 0 = -5*p + j + 24. Suppose -14 = -5*u + o, -p = -4*o + 6*o. What are the prime factors of u?
2
Let s(q) = -q**3 + 3*q**2 - 3*q + 4. Let w be s(3). Let f(v) = v**2 - v. Let l(k) = -6*k**2 + k + 3. Let z(b) = w*f(b) - l(b). List the prime factors of z(2).
3
Suppose y - 20 + 50 = 3*j, -j - 3*y = 0. Let i = 4 + j. List the prime factors of i.
13
Let o be (-6)/(-27) - 104/(-18). Let p(j) be the third derivative of -j**6/120 + j**5/10 + j**4/12 - j**3/6 - 2*j**2. What are the prime factors of p(o)?
11
List the prime factors of (1 + (-28)/12)*-3.
2
Let a(o) = -o + 10. Let n be a(8). Suppose n*c = b - 1 - 12, 3*b - 72 = -5*c. What are the prime factors of b?
19
Let q = 37 - -13. List the prime factors of q.
2, 5
Suppose -91 = -6*h + 53. What are the prime factors of h?
2, 3
Let n(b) = -2*b - 8. What are the prime factors of n(-8)?
2
Let a(j) = -j**3 + 5*j**2 + 2*j - 1. Let z(m) = m**3 - 6*m**2 - 5*m - 4. Let v be z(7). Let i = -5 + v. List the prime factors of a(i).
3
Suppose 3*l - 2*z - 4 = 10, 0 = 2*l + 3*z + 8. Let x(q) = q - 2 - l + 6. List the prime factors of x(6).
2
Let k(s) = 2*s - 15. Let x be k(15). What are the prime factors of (-6)/(-15)*4*x?
2, 3
Let m = 107 + -67. List the prime factors of m.
2, 5
Let q(j) = -j**3 - 6*j**2. Let o be q(-6). Suppose o = 9*t - 10*t. Let f(i) = -i**2 + i + 9. List the prime factors of f(t).
3
Su